{"id":23,"date":"2022-06-01T16:45:44","date_gmt":"2022-06-01T14:45:44","guid":{"rendered":"http:\/\/demo.deutschmuehle.de\/?page_id=23"},"modified":"2024-02-16T15:23:20","modified_gmt":"2024-02-16T14:23:20","slug":"startseite","status":"publish","type":"page","link":"https:\/\/deutschmuehle.de\/professionelles-sozialmanagement\/","title":{"rendered":"Willkommen"},"content":{"rendered":"<p>[vc_row type=&#8220;full_width_section&#8220; text_align=&#8220;center&#8220; class=&#8220;image-hero&#8220;][vc_column width=&#8220;1\/1&#8243;]<div class=\"nk-awb image-hero-background \" >[vc_column_text]Herzlich <strong>Willkommen<\/strong>[\/vc_column_text][vc_raw_html]JTNDZGl2JTIwY2xhc3MlM0QlMjJjaGV2cm9uLWNvbnRhaW5lciUyMiUzRSUwQSUyMCUyMCUzQ2RpdiUyMGNsYXNzJTNEJTIyY2hldnJvbiUyMiUzRSUzQyUyRmRpdiUzRSUwQSUyMCUyMCUzQ2RpdiUyMGNsYXNzJTNEJTIyY2hldnJvbiUyMiUzRSUzQyUyRmRpdiUzRSUwQSUyMCUyMCUzQ2RpdiUyMGNsYXNzJTNEJTIyY2hldnJvbiUyMiUzRSUzQyUyRmRpdiUzRSUwQSUzQyUyRmRpdiUzRQ==[\/vc_raw_html]<div class=\"nk-awb-wrap\" data-awb-type=\"image\" data-awb-stretch=\"true\" data-awb-image-background-size=\"contain\" data-awb-image-background-position=\"50% 50%\" data-awb-parallax=\"scale\" data-awb-parallax-speed=\"0.5\" data-awb-parallax-mobile=\"false\"><div  class=\"nk-awb-inner\"><img loading=\"lazy\" decoding=\"async\" width=\"1430\" height=\"800\" src=\"https:\/\/deutschmuehle.de\/professionelles-sozialmanagement\/wp-content\/uploads\/2022\/06\/deutschmuehle-background.jpg\" class=\"jarallax-img\" alt=\"\" style=\"object-position: 50% 50%;\" srcset=\"https:\/\/deutschmuehle.de\/professionelles-sozialmanagement\/wp-content\/uploads\/2022\/06\/deutschmuehle-background.jpg 1430w, https:\/\/deutschmuehle.de\/professionelles-sozialmanagement\/wp-content\/uploads\/2022\/06\/deutschmuehle-background-300x168.jpg 300w, https:\/\/deutschmuehle.de\/professionelles-sozialmanagement\/wp-content\/uploads\/2022\/06\/deutschmuehle-background-1024x573.jpg 1024w, https:\/\/deutschmuehle.de\/professionelles-sozialmanagement\/wp-content\/uploads\/2022\/06\/deutschmuehle-background-768x430.jpg 768w, https:\/\/deutschmuehle.de\/professionelles-sozialmanagement\/wp-content\/uploads\/2022\/06\/deutschmuehle-background-500x280.jpg 500w, https:\/\/deutschmuehle.de\/professionelles-sozialmanagement\/wp-content\/uploads\/2022\/06\/deutschmuehle-background-800x448.jpg 800w, https:\/\/deutschmuehle.de\/professionelles-sozialmanagement\/wp-content\/uploads\/2022\/06\/deutschmuehle-background-1280x716.jpg 1280w\" sizes=\"auto, (max-width: 1430px) 100vw, 1430px\" \/><\/div><\/div><\/div>[\/vc_column][\/vc_row][vc_row text_align=&#8220;center&#8220; top_padding=&#8220;100&#8243; bottom_padding=&#8220;100&#8243;][vc_column width=&#8220;1\/1&#8243;][vc_column_text css_animation=&#8220;none&#8220;]<\/p>\n<h2>Sozialmanagement Deutschm\u00fchle<\/h2>\n<p><strong>gemeinn\u00fctzige GmbH<\/strong><\/p>\n<p>Auf dieser Seite m\u00f6chten wir Sie \u00fcber unsere Angebote informieren.<br \/>\nWir bieten an der Deutschm\u00fchle in Schonungen, sowie in Stadt und Landkreis Schweinfurt Ambulant Betreutes Wohnen f\u00fcr Menschen mit Psychischen- und\/oder Suchterkrankungen an.<\/p>\n<p>Zur Etablierung einer geregelten Tagesstruktur haben Betroffene au\u00dferdem die M\u00f6glichkeit an unserem Zuverdienstprojekt teilzunehmen.[\/vc_column_text][\/vc_column][\/vc_row][vc_row bg_color=&#8220;#f9f9f9&#8243; top_padding=&#8220;100&#8243; bottom_padding=&#8220;100&#8243;][vc_column width=&#8220;1\/2&#8243; delay=&#8220;2&#8243;]<div class=\"iconbox  wpb_content_element iconbox-style-1 icon-color-accent color-dark animation-none\"><h3><i class=\"fa fa-home boxicon\" style=\"\"><\/i><span>Ambulant betreutes Wohnen<\/span><\/h3><p><strong>Bedarfsorientierte und individuelle Unterst\u00fctzung<\/strong> in ambulant betreuter Wohngemeinschaft oder der eigenen Wohnung.<\/p>\n<p><a class=\"button\" href=\"https:\/\/deutschmuehle.de\/professionelles-sozialmanagement\/ambulant-betreutes-wohnen\">Mehr erfahren<\/a><\/p><\/div>[\/vc_column][vc_column column_center=&#8220;true&#8220; width=&#8220;1\/2&#8243; delay=&#8220;2&#8243;]<div class=\"iconbox  wpb_content_element iconbox-style-1 icon-color-accent color-dark animation-none\"><h3><i class=\"fa fa-thumbs-up boxicon\" style=\"\"><\/i><span>Zuverdienst<\/span><\/h3><p><strong>Eingliederung-Tagesstruktur-Gemeinschaft<br \/>\n<\/strong>Besch\u00e4ftigungs- und Zuverdienstm\u00f6glichkeiten f\u00fcr psychisch erkrankte Menschen.<\/p>\n<p><a class=\"button\" href=\"https:\/\/deutschmuehle.de\/professionelles-sozialmanagement\/zuverdienst\">Mehr erfahren<\/a><\/p><\/div>[\/vc_column][\/vc_row]<\/p>\n","protected":false},"excerpt":{"rendered":"<p>[vc_row type=&#8220;full_width_section&#8220; text_align=&#8220;center&#8220; class=&#8220;image-hero&#8220;][vc_column width=&#8220;1\/1&#8243;][\/vc_column][\/vc_row][vc_row text_align=&#8220;center&#8220; top_padding=&#8220;100&#8243; bottom_padding=&#8220;100&#8243;][vc_column width=&#8220;1\/1&#8243;][vc_column_text css_animation=&#8220;none&#8220;] Sozialmanagement Deutschm\u00fchle gemeinn\u00fctzige GmbH Auf dieser Seite m\u00f6chten wir Sie \u00fcber unsere Angebote informieren. Wir bieten an der Deutschm\u00fchle in Schonungen, sowie in Stadt und Landkreis Schweinfurt Ambulant Betreutes Wohnen f\u00fcr Menschen mit Psychischen- und\/oder Suchterkrankungen an. Zur Etablierung einer geregelten Tagesstruktur haben Betroffene au\u00dferdem die M\u00f6glichkeit an unserem Zuverdienstprojekt teilzunehmen.[\/vc_column_text][\/vc_column][\/vc_row][vc_row bg_color=&#8220;#f9f9f9&#8243; top_padding=&#8220;100&#8243; bottom_padding=&#8220;100&#8243;][vc_column width=&#8220;1\/2&#8243; delay=&#8220;2&#8243;][\/vc_column][vc_column column_center=&#8220;true&#8220; width=&#8220;1\/2&#8243; delay=&#8220;2&#8243;][\/vc_column][\/vc_row]<\/p>\n","protected":false},"author":5,"featured_media":0,"parent":0,"menu_order":0,"comment_status":"closed","ping_status":"closed","template":"","meta":{"footnotes":""},"class_list":["post-23","page","type-page","status-publish","hentry"],"_links":{"self":[{"href":"https:\/\/deutschmuehle.de\/professionelles-sozialmanagement\/wp-json\/wp\/v2\/pages\/23","targetHints":{"allow":["GET"]}}],"collection":[{"href":"https:\/\/deutschmuehle.de\/professionelles-sozialmanagement\/wp-json\/wp\/v2\/pages"}],"about":[{"href":"https:\/\/deutschmuehle.de\/professionelles-sozialmanagement\/wp-json\/wp\/v2\/types\/page"}],"author":[{"embeddable":true,"href":"https:\/\/deutschmuehle.de\/professionelles-sozialmanagement\/wp-json\/wp\/v2\/users\/5"}],"replies":[{"embeddable":true,"href":"https:\/\/deutschmuehle.de\/professionelles-sozialmanagement\/wp-json\/wp\/v2\/comments?post=23"}],"version-history":[{"count":122,"href":"https:\/\/deutschmuehle.de\/professionelles-sozialmanagement\/wp-json\/wp\/v2\/pages\/23\/revisions"}],"predecessor-version":[{"id":399,"href":"https:\/\/deutschmuehle.de\/professionelles-sozialmanagement\/wp-json\/wp\/v2\/pages\/23\/revisions\/399"}],"wp:attachment":[{"href":"https:\/\/deutschmuehle.de\/professionelles-sozialmanagement\/wp-json\/wp\/v2\/media?parent=23"}],"curies":[{"name":"wp","href":"https:\/\/api.w.org\/{rel}","templated":true}]}}